at is -31 + -5?
-36
In base 5, what is 2 - -2124?
2131
In base 14, what is -1 - 15?
-16
In base 5, what is 1 - 24?
-23
In base 7, what is 3450 - -3?
3453
In base 13, what is -17 - 1?
-18
In base 8, what is -5 - -3460?
3453
In base 5, what is 33 - -40?
123
In base 2, what is 11110110100100 - -1?
11110110100101
In base 16, what is -1 + -76?
-77
In base 14, what is 1ca - -4?
1d0
In base 15, what is -77b - 0?
-77b
In base 10, what is 0 - -54?
54
In base 16, what is 71 - -25?
96
In base 9, what is -5 + -1127?
-1133
In base 12, what is 26 + 2?
28
In base 15, what is -47 - -2e?
-18
In base 5, what is -113 - -141?
23
In base 9, what is -488 - -2?
-486
In base 15, what is 19 - -4?
1d
In base 7, what is -40345 + -1?
-40346
In base 7, what is 13 - 1?
12
In base 15, what is -7 + 33?
2b
In base 8, what is -5072 + 6?
-5064
In base 9, what is -123 + 5?
-117
In base 14, what is 5 - -16?
1b
In base 6, what is 5 + -222?
-213
In base 10, what is -3 + -2925?
-2928
In base 11, what is 933 - 0?
933
In base 10, what is 4 + -62?
-58
In base 14, what is -11 - 626?
-637
In base 14, what is b5a + -10?
b4a
In base 6, what is -2 + -125?
-131
In base 9, what is -1268 + 1?
-1267
In base 9, what is -18 - 18?
-37
In base 3, what is -1102 - 20?
-1122
In base 16, what is -e + c?
-2
In base 9, what is -5 + -166?
-172
In base 12, what is 14 + -9?
7
In base 3, what is 2 - 22100201?
-22100122
In base 3, what is -1222112 + 2?
-1222110
In base 9, what is -13 - -11?
-2
In base 12, what is -a + 27?
19
In base 10, what is 6 - -13?
19
In base 2, what is 10000000100 + 0?
10000000100
In base 5, what is 0 - -21120?
21120
In base 11, what is 0 + 33?
33
In base 5, what is -3 - 1023?
-1031
In base 3, what is 10011 - -11000?
21011
In base 5, what is -11 + -11434?
-12000
In base 14, what is -5 - b?
-12
In base 2, what is 10 + -1010110?
-1010100
In base 3, what is 11 + 22?
110
In base 11, what is -103 - -5?
-a9
In base 11, what is 3 - 3?
0
In base 4, what is 100222 - 10?
100212
In base 8, what is -14 + 117?
103
In base 9, what is 5 + 5268?
5274
In base 12, what is -4 - -9b4?
9b0
In base 14, what is -77 + 0?
-77
In base 3, what is 2122 - -12?
2211
In base 4, what is 3 - -31?
100
In base 7, what is 146 + 2?
151
In base 12, what is -786 - -4?
-782
In base 16, what is 3 - 5?
-2
In base 11, what is 0 - -14?
14
In base 7, what is -534 - -32?
-502
In base 9, what is -446 - -3?
-443
In base 16, what is -4 - 6e?
-72
In base 2, what is -110011010 + 10?
-110011000
In base 10, what is -3 - -91?
88
In base 13, what is 290 + -3?
28a
In base 10, what is -202 - 19?
-221
In base 3, what is -2 - -102122012?
102122010
In base 15, what is -2 + 635?
633
In base 14, what is -8 + 260?
256
In base 2, what is -1010100111 + -101?
-1010101100
In base 2, what is 1101011 + 101?
1110000
In base 10, what is -5 - 10048?
-10053
In base 14, what is 16 - 19?
-3
In base 10, what is -5 + 2271?
2266
In base 10, what is -2 + -76?
-78
In base 5, what is 1 + 32?
33
In base 14, what is 31 - -5?
36
In base 10, what is -4 - -161?
157
In base 16, what is d - f?
-2
In base 3, what is 11211 - 101?
11110
In base 9, what is -3 + -738?
-742
In base 6, what is 5 + 53?
102
In base 14, what is -4 + -15?
-19
In base 5, what is 1 - 111?
-110
In base 5, what is 1 - 3040?
-3034
In base 6, what is 5 - -335?
344
In base 12, what is 11 + 11?
22
In base 2, what is 11 + -11000001?
-10111110
In base 2, what is -10 + 1001101000?
1001100110
In base 3, what is -10 + 1011?
1001
In base 11, what is -4a + -40?
-8a
In base 8, what is -44 - 2?
-46
In base 15, what is -1ad7 + 2?
-1ad5
In base 16, what is -5 + 1fb?
1f6
In base 14, what is 2 - 74?
-72
In base 13, what is 92 - -8?
9a
In base 13, what is 502c - 3?
5029
In base 3, what is 222 + -1201?
-202
In base 7, what is 44 + 36?
113
In base 9, what is -5 + -5444?
-5450
In base 13, what is 1 - -97?
98
In base 5, what is 0 - 2142?
-2142
In base 14, what is 35 + -2?
33
In base 5, what is 230 + -1?
224
In base 13, what is -45b + 0?
-45b
In base 15, what is d3c - 2?
d3a
In base 3, what is -11 - 2110110?
-2110121
In base 8, what is 5 - 5356?
-5351
In base 10, what is -49 + -113?
-162
In base 15, what is -cdd + -4?
-ce2
In base 9, what is -1 - 5405?
-5406
In base 9, what is 1 - -12?
13
In base 16, what is 3 - dee?
-deb
In base 11, what is 8 - 74?
-67
In base 11, what is -a + -1053?
-1062
In base 14, what is -5 - -a01?
9da
In base 11, what is -1 + -967?
-968
In base 2, what is -10101000100 - -101?
-10100111111
In base 11, what is 72 + 2?
74
In base 4, what is -1 + -330?
-331
In base 12, what is 0 - 535?
-535
In base 14, what is 4 + 138?
13c
In base 13, what is -574c + -4?
-5753
In base 12, what is 2 + -260?
-25a
In base 12, what is 6668 + 0?
6668
In base 4, what is 10 + 1110?
1120
In base 12, what is -37 + 27?
-10
In base 3, what is 211201121 - -2?
211201200
In base 8, what is 1 - 200?
-177
In base 10, what is 23 - -126?
149
In base 16, what is 1893 + 4?
1897
In base 7, what is 65 - 350?
-252
In base 8, what is 0 + 475?
475
In base 3, what is 21 + -1?
20
In base 2, what is -10001 + 100011?
10010
In base 2, what is 100 - 100011?
-11111
In base 12, what is -2 - -77?
75
In base 8, what is -2 - -1035?
1033
In base 9, what is 3732 + 5?
3737
In base 13, what is -2 + -417?
-419
In base 12, what is -3 - 27a?
-281
In base 3, what is -2201 + -12?
-2220
In base 10, what is 5 - -207?
212
In base 7, what is -2 - 301?
-303
In base 16, what is -5 - -bbb?
bb6
In base 4, what is 1102 + -10?
1032
In base 4, what is -10113 - -3?
-10110
In base 4, what is 2 + 332112?
332120
In base 11, what is -6 + -539?
-544
In base 15, what is 26 + 10d?
134
In base 3, what is 1200 + 1?
1201
In base 2, what is -1110011001 - 11?
-1110011100
In base 2, what is -1001 + -1100100010?
-1100101011
In base 5, what is 2001 + -124?
1322
In base 12, what is 4a94 - 1?
4a93
In base 7, what is 1121 + 3?
1124
In base 4, what is 320 - 3?
311
In base 9, what is -261 + -82?
-353
In base 13, what is 220 + 2?
222
In base 4, what is -203 + -1221?
-2030
In base 16, what is -fa - -4?
-f6
In base 7, what is -3 - 100?
-103
In base 9, what is -1 + 565?
564
In base 4, what is -211 + 112?
-33
In base 13, what is 4c06 + 4?
4c0a
In base 16, what is -31 + -1c?
-4d
In base 2, what is 11 - 1000110?
-1000011
In base 13, what is -3 - 1b?
-21
In base 2, what is 1001 - 11010001?
-11001000
In base 6, what is 3 - 0?
3
In base 5, what is -31021 + 30?
-30441
In base 2, what is 11011 - 10010?
1001
In base 16, what is -42 + 3?
-3f
In base 12, what is -27 + -22?
-49
In base 2, what is -10101010010101 + 10?
-10101010010011
In base 14, what is 13 - 28?
-15
In base 13, what is -127 + 7?
-120
In base 15, what is 1 + -76?
-75
In base 14, what is -80 - 7?
-87
In base 11, what is -561 - 4?
-565
In base 6, what is -23240 + -5?
-23245
In base 14, what is -66 + 4?
-62
In base 2, what is 100111 - -1?
101000
In base 10, what is 1 + -87?
-86
In base 8, what is 0 - -6?
6
In base 11, what is -2 - 725?
-727
In base 7, what is -25 - 2?
-30
In base 15, what is 30 - -4?
34
In base 7, what is 3 + -16453?
-16450
In base 2, what is -111 + 101011?
100100
In base 10, what is -119 - -12?
-107
In base 7, what is 6 - -304?
313
In base 7, what is -111 + 4?
-104
In base 7, what is 15 + 2336?
2354
In base 14, what is -4 + -219?
-21d
In base 12, what is -28 + -9?
-35
In base 10, what is 2943 + 5?
2948
In base 7, what is -1 + -135?
-136
In base 11, what is 0 - 237?
-237
In base 16, what is 1 - 140?
-13f
In base 5, what is -3 + 104012?
104004
In base 3, what is 20 - -20202?
20222
In base 8, what is -1315 - 4?
-1321
In base 11, what is -290 - -16?
-275
In base 5, what is -1 - 1113?
-1114
In base 14, what is 17 - 3d?
-26
In base 16, what is 7f + a?
89
In base 15, what is 3 + -76e?
-76b
In base 6, what is -5 + 400?
351
In base 9, what is 5 - -15?
21
In base 12, what is -5 - -39?
34
In base 7, what is -33 + 16?
-14
In base 6, what is 123 + 11?
134
In base 9, what is 62 - 7?
54
In base 14, what is 5 - -54?
59
In base 8, what is -356 - 1?
-357
In base 9, what is 4 + 1126?
1131
In base 11, what is 10 + -119?
-109
In base 6, what is 25532 - -1?
25533
In base 15, what is 1d - -150?
16d
In base 4, what is 13 + -13021?
-13002
In base 6, what is -2555 + 0?
-2555
In base 12, what is -276 - -1?
-275
In base 9, what is 3 + -68?
-65
In base 6, wh